{"id":321,"date":"2023-02-10T08:35:56","date_gmt":"2023-02-10T08:35:56","guid":{"rendered":"https:\/\/v2.pebayle.fr\/?page_id=321"},"modified":"2023-05-09T22:19:12","modified_gmt":"2023-05-09T22:19:12","slug":"immo","status":"publish","type":"page","link":"https:\/\/www.pebayle.fr\/index.php\/immo\/","title":{"rendered":"Immobilier \/ Mise en valeur"},"content":{"rendered":"\n<ul class=\"wp-block-list\">\n<li>Mise en valeur de lieux:&nbsp;<strong>Immobilier &amp; Design d\u2019Int\u00e9rieur<\/strong><\/li>\n<\/ul>\n\n\n\n<p>Destin\u00e9e aux agences immobili\u00e8res comme au particulier ces prises de vue ont pour but de mettre en avant ces lieux et cela&nbsp;afin de r\u00e9v\u00e9ler tout leur potentiel aupr\u00e8s des futurs acheteurs ou loueurs<\/p>\n\n\n\n<div style=\"margin-top:var(--wp--preset--spacing--20);margin-bottom:var(--wp--preset--spacing--20);height:20px\" aria-hidden=\"true\" class=\"wp-block-spacer\"><\/div>\n\n\n\n<p class=\"has-text-align-left\">La photographie est un m\u00e9dia indispensable pour les professionnels de l\u2019immobilier. Des photographies de qualit\u00e9 vont faire toute la diff\u00e9rence entre une annonce qui accrocheuse et une annonce noy\u00e9e dans la masse, mais aussi de permettent de se diff\u00e9rencier de la concurrence et de faire un bonne premi\u00e8re impression.<\/p>\n\n\n\n<div class=\"wp-block-group is-layout-constrained wp-block-group-is-layout-constrained\">\n<div class=\"wp-block-columns is-style-default has-vertical-primary-secondary-gradient-background has-background is-layout-flex wp-container-core-columns-is-layout-28f84493 wp-block-columns-is-layout-flex\" style=\"border-radius:15px\">\n<div class=\"wp-block-column has-background-background-color has-background is-layout-flow wp-block-column-is-layout-flow\" style=\"padding-top:var(--wp--preset--spacing--30);padding-right:var(--wp--preset--spacing--30);padding-bottom:var(--wp--preset--spacing--30);padding-left:var(--wp--preset--spacing--30)\">\n<p>La photographie n\u2019est pas le m\u00e9tier d\u2019une agence immobili\u00e8re<\/p>\n<\/div>\n\n\n\n<div class=\"wp-block-column has-background-background-color has-background is-layout-flow wp-block-column-is-layout-flow\" style=\"padding-top:var(--wp--preset--spacing--30);padding-right:var(--wp--preset--spacing--30);padding-bottom:var(--wp--preset--spacing--30);padding-left:var(--wp--preset--spacing--30)\">\n<p>Prendre des photos de qualit\u00e9, assurer les retouches, la post-production etc. C\u2019est un m\u00e9tier<\/p>\n<\/div>\n<\/div>\n<\/div>\n\n\n\n<div style=\"height:20px\" aria-hidden=\"true\" class=\"wp-block-spacer\"><\/div>\n\n\n\n<figure class=\"wp-block-image size-large has-custom-border\"><img loading=\"lazy\" decoding=\"async\" width=\"1024\" height=\"682\" src=\"https:\/\/www.pebayle.fr\/wp-content\/uploads\/2023\/05\/Immo1-1024x682.jpg\" alt=\"\" class=\"has-border-color has-foreground-border-color wp-image-687\" srcset=\"https:\/\/www.pebayle.fr\/wp-content\/uploads\/2023\/05\/Immo1-1024x682.jpg 1024w, https:\/\/www.pebayle.fr\/wp-content\/uploads\/2023\/05\/Immo1-300x200.jpg 300w, https:\/\/www.pebayle.fr\/wp-content\/uploads\/2023\/05\/Immo1-768x512.jpg 768w, https:\/\/www.pebayle.fr\/wp-content\/uploads\/2023\/05\/Immo1-1536x1024.jpg 1536w, https:\/\/www.pebayle.fr\/wp-content\/uploads\/2023\/05\/Immo1.jpg 2000w\" sizes=\"auto, (max-width: 1024px) 100vw, 1024px\" \/><\/figure>\n\n\n\n<div style=\"height:20px\" aria-hidden=\"true\" class=\"wp-block-spacer\"><\/div>\n\n\n\n<figure class=\"wp-block-image size-large has-custom-border\"><img loading=\"lazy\" decoding=\"async\" width=\"1024\" height=\"683\" src=\"https:\/\/www.pebayle.fr\/wp-content\/uploads\/2023\/05\/Immo2-1024x683.jpg\" alt=\"\" class=\"has-border-color has-foreground-border-color wp-image-689\" srcset=\"https:\/\/www.pebayle.fr\/wp-content\/uploads\/2023\/05\/Immo2-1024x683.jpg 1024w, https:\/\/www.pebayle.fr\/wp-content\/uploads\/2023\/05\/Immo2-300x200.jpg 300w, https:\/\/www.pebayle.fr\/wp-content\/uploads\/2023\/05\/Immo2-768x512.jpg 768w, https:\/\/www.pebayle.fr\/wp-content\/uploads\/2023\/05\/Immo2.jpg 1500w\" sizes=\"auto, (max-width: 1024px) 100vw, 1024px\" \/><\/figure>\n\n\n\n<p>Afin d&#8217;obtenir ce r\u00e9sultat, tout comme pour des photos d&#8217;architecture, le mat\u00e9riel est bien sp\u00e9cifique, l&#8217;utilisation d&#8217;un objectif grand angle ne suffit pas. La prise de vue comme la post production sont tr\u00e8s particuli\u00e8res. <\/p>\n\n\n\n<p><em><strong>Prise de vue: <\/strong><\/em>le mat\u00e9riel ne fait pas tout, l&#8217;expertise technique (hauteur de prise de vue, respect des lignes verticales, composition, assemblage) mais \u00e9galement sa vision photographique (choix des angles, lignes de fuite, \u00e9clairage\u2026)<\/p>\n\n\n\n<p><strong><em>Post production:<\/em><\/strong> d\u00e9veloppement des photos (affinage du cadrage, balance des blanc, r\u00e9\u00e9quilibrage de la luminosit\u00e9, des couleurs\u2026) ce qui permet d\u2019obtenir un gain significatif entre le r\u00e9sultat de ce que vous pouvez faire, et celui d\u2019un photographe professionnel.<\/p>\n\n\n\n<div style=\"height:20px\" aria-hidden=\"true\" class=\"wp-block-spacer\"><\/div>\n\n\n\n<div class=\"wp-block-group alignwide is-layout-flow wp-block-group-is-layout-flow\" style=\"padding-top:0px;padding-right:0px;padding-bottom:0px;padding-left:0px\">\n<h2 class=\"wp-block-heading has-medium-font-size\"><mark style=\"background-color:rgba(0, 0, 0, 0)\" class=\"has-inline-color has-primary-color\">\u2192 <\/mark>Infos \/ Tarifs <\/h2>\n\n\n\n<div class=\"wp-block-group is-layout-constrained wp-block-group-is-layout-constrained\">\n<div class=\"wp-block-columns has-vertical-background-secondary-gradient-background has-background is-layout-flex wp-container-core-columns-is-layout-244aab75 wp-block-columns-is-layout-flex\" style=\"padding-top:var(--wp--preset--spacing--40);padding-right:var(--wp--preset--spacing--40);padding-bottom:var(--wp--preset--spacing--40);padding-left:var(--wp--preset--spacing--40)\">\n<div class=\"wp-block-column is-layout-flow wp-block-column-is-layout-flow\">\n<div class=\"wp-block-group has-primary-background-color has-background is-vertical is-layout-flex wp-container-core-group-is-layout-fe9cc265 wp-block-group-is-layout-flex\" style=\"border-radius:25px\">\n<p class=\"has-secondary-color has-text-color\">Chaque projet est diff\u00e9rent, et fera l&#8217;objet d&#8217;un devis sp\u00e9cifique en fonction de vos besoins et vos attentes<\/p>\n<\/div>\n<\/div>\n\n\n\n<div class=\"wp-block-column is-style-default is-layout-flow wp-block-column-is-layout-flow\">\n<p>Pour me contacter par mail ou t\u00e9l\u00e9phone:<\/p>\n\n\n\n<ul class=\"wp-block-social-links has-large-icon-size is-content-justification-center is-layout-flex wp-container-core-social-links-is-layout-a89b3969 wp-block-social-links-is-layout-flex\"><li class=\"wp-social-link wp-social-link-mail  wp-block-social-link\"><a href=\"mailto:&#110;&#105;c&#111;la&#115;&#046;&#112;&#104;&#111;&#116;o&#115;&#064;&#112;e&#098;a&#121;l&#101;.&#102;&#114;\" class=\"wp-block-social-link-anchor\"><svg width=\"24\" height=\"24\" viewBox=\"0 0 24 24\" version=\"1.1\" xmlns=\"http:\/\/www.w3.org\/2000\/svg\" aria-hidden=\"true\" focusable=\"false\"><path d=\"M19,5H5c-1.1,0-2,.9-2,2v10c0,1.1.9,2,2,2h14c1.1,0,2-.9,2-2V7c0-1.1-.9-2-2-2zm.5,12c0,.3-.2.5-.5.5H5c-.3,0-.5-.2-.5-.5V9.8l7.5,5.6,7.5-5.6V17zm0-9.1L12,13.6,4.5,7.9V7c0-.3.2-.5.5-.5h14c.3,0,.5.2.5.5v.9z\"><\/path><\/svg><span class=\"wp-block-social-link-label screen-reader-text\">Mail<\/span><\/a><\/li><\/ul>\n<\/div>\n<\/div>\n<\/div>\n<\/div>\n","protected":false},"excerpt":{"rendered":"<p>Destin\u00e9e aux agences immobili\u00e8res comme au particulier ces prises de vue ont pour but de mettre en avant ces lieux et cela&nbsp;afin de r\u00e9v\u00e9ler tout leur potentiel aupr\u00e8s des futurs acheteurs ou loueurs La photographie est un m\u00e9dia indispensable pour les professionnels de l\u2019immobilier. Des photographies de qualit\u00e9 vont faire toute la diff\u00e9rence entre une&hellip; &#8212;<\/p>\n","protected":false},"author":1,"featured_media":0,"parent":0,"menu_order":0,"comment_status":"closed","ping_status":"closed","template":"wp-custom-template-page-np","meta":{"footnotes":""},"class_list":["post-321","page","type-page","status-publish","hentry"],"_links":{"self":[{"href":"https:\/\/www.pebayle.fr\/index.php\/wp-json\/wp\/v2\/pages\/321","targetHints":{"allow":["GET"]}}],"collection":[{"href":"https:\/\/www.pebayle.fr\/index.php\/wp-json\/wp\/v2\/pages"}],"about":[{"href":"https:\/\/www.pebayle.fr\/index.php\/wp-json\/wp\/v2\/types\/page"}],"author":[{"embeddable":true,"href":"https:\/\/www.pebayle.fr\/index.php\/wp-json\/wp\/v2\/users\/1"}],"replies":[{"embeddable":true,"href":"https:\/\/www.pebayle.fr\/index.php\/wp-json\/wp\/v2\/comments?post=321"}],"version-history":[{"count":24,"href":"https:\/\/www.pebayle.fr\/index.php\/wp-json\/wp\/v2\/pages\/321\/revisions"}],"predecessor-version":[{"id":690,"href":"https:\/\/www.pebayle.fr\/index.php\/wp-json\/wp\/v2\/pages\/321\/revisions\/690"}],"wp:attachment":[{"href":"https:\/\/www.pebayle.fr\/index.php\/wp-json\/wp\/v2\/media?parent=321"}],"curies":[{"name":"wp","href":"https:\/\/api.w.org\/{rel}","templated":true}]}}

<ul class="wp-block-list">
<li>Mise en valeur de lieux:&nbsp;<strong>Immobilier &amp; Design d’Intérieur</strong></li>
</ul>



<p>Destinée aux agences immobilières comme au particulier ces prises de vue ont pour but de mettre en avant ces lieux et cela&nbsp;afin de révéler tout leur potentiel auprès des futurs acheteurs ou loueurs</p>



<div style="margin-top:var(--wp--preset--spacing--20);margin-bottom:var(--wp--preset--spacing--20);height:20px" aria-hidden="true" class="wp-block-spacer"></div>



<p class="has-text-align-left">La photographie est un média indispensable pour les professionnels de l’immobilier. Des photographies de qualité vont faire toute la différence entre une annonce qui accrocheuse et une annonce noyée dans la masse, mais aussi de permettent de se différencier de la concurrence et de faire un bonne première impression.</p>



<div class="wp-block-group is-layout-constrained wp-block-group-is-layout-constrained">
<div class="wp-block-columns is-style-default has-vertical-primary-secondary-gradient-background has-background is-layout-flex wp-container-core-columns-is-layout-28f84493 wp-block-columns-is-layout-flex" style="border-radius:15px">
<div class="wp-block-column has-background-background-color has-background is-layout-flow wp-block-column-is-layout-flow" style="padding-top:var(--wp--preset--spacing--30);padding-right:var(--wp--preset--spacing--30);padding-bottom:var(--wp--preset--spacing--30);padding-left:var(--wp--preset--spacing--30)">
<p>La photographie n’est pas le métier d’une agence immobilière</p>
</div>



<div class="wp-block-column has-background-background-color has-background is-layout-flow wp-block-column-is-layout-flow" style="padding-top:var(--wp--preset--spacing--30);padding-right:var(--wp--preset--spacing--30);padding-bottom:var(--wp--preset--spacing--30);padding-left:var(--wp--preset--spacing--30)">
<p>Prendre des photos de qualité, assurer les retouches, la post-production etc. C’est un métier</p>
</div>
</div>
</div>



<div style="height:20px" aria-hidden="true" class="wp-block-spacer"></div>



<figure class="wp-block-image size-large has-custom-border"><img loading="lazy" decoding="async" width="1024" height="682" src="https://www.pebayle.fr/wp-content/uploads/2023/05/Immo1-1024x682.jpg" alt="" class="has-border-color has-foreground-border-color wp-image-687" srcset="https://www.pebayle.fr/wp-content/uploads/2023/05/Immo1-1024x682.jpg 1024w, https://www.pebayle.fr/wp-content/uploads/2023/05/Immo1-300x200.jpg 300w, https://www.pebayle.fr/wp-content/uploads/2023/05/Immo1-768x512.jpg 768w, https://www.pebayle.fr/wp-content/uploads/2023/05/Immo1-1536x1024.jpg 1536w, https://www.pebayle.fr/wp-content/uploads/2023/05/Immo1.jpg 2000w" sizes="auto, (max-width: 1024px) 100vw, 1024px" /></figure>



<div style="height:20px" aria-hidden="true" class="wp-block-spacer"></div>



<figure class="wp-block-image size-large has-custom-border"><img loading="lazy" decoding="async" width="1024" height="683" src="https://www.pebayle.fr/wp-content/uploads/2023/05/Immo2-1024x683.jpg" alt="" class="has-border-color has-foreground-border-color wp-image-689" srcset="https://www.pebayle.fr/wp-content/uploads/2023/05/Immo2-1024x683.jpg 1024w, https://www.pebayle.fr/wp-content/uploads/2023/05/Immo2-300x200.jpg 300w, https://www.pebayle.fr/wp-content/uploads/2023/05/Immo2-768x512.jpg 768w, https://www.pebayle.fr/wp-content/uploads/2023/05/Immo2.jpg 1500w" sizes="auto, (max-width: 1024px) 100vw, 1024px" /></figure>



<p>Afin d&#8217;obtenir ce résultat, tout comme pour des photos d&#8217;architecture, le matériel est bien spécifique, l&#8217;utilisation d&#8217;un objectif grand angle ne suffit pas. La prise de vue comme la post production sont très particulières. </p>



<p><em><strong>Prise de vue: </strong></em>le matériel ne fait pas tout, l&#8217;expertise technique (hauteur de prise de vue, respect des lignes verticales, composition, assemblage) mais également sa vision photographique (choix des angles, lignes de fuite, éclairage…)</p>



<p><strong><em>Post production:</em></strong> développement des photos (affinage du cadrage, balance des blanc, rééquilibrage de la luminosité, des couleurs…) ce qui permet d’obtenir un gain significatif entre le résultat de ce que vous pouvez faire, et celui d’un photographe professionnel.</p>



<div style="height:20px" aria-hidden="true" class="wp-block-spacer"></div>



<div class="wp-block-group alignwide is-layout-flow wp-block-group-is-layout-flow" style="padding-top:0px;padding-right:0px;padding-bottom:0px;padding-left:0px">
<h2 class="wp-block-heading has-medium-font-size"><mark style="background-color:rgba(0, 0, 0, 0)" class="has-inline-color has-primary-color">→ </mark>Infos / Tarifs </h2>



<div class="wp-block-group is-layout-constrained wp-block-group-is-layout-constrained">
<div class="wp-block-columns has-vertical-background-secondary-gradient-background has-background is-layout-flex wp-container-core-columns-is-layout-244aab75 wp-block-columns-is-layout-flex" style="padding-top:var(--wp--preset--spacing--40);padding-right:var(--wp--preset--spacing--40);padding-bottom:var(--wp--preset--spacing--40);padding-left:var(--wp--preset--spacing--40)">
<div class="wp-block-column is-layout-flow wp-block-column-is-layout-flow">
<div class="wp-block-group has-primary-background-color has-background is-vertical is-layout-flex wp-container-core-group-is-layout-fe9cc265 wp-block-group-is-layout-flex" style="border-radius:25px">
<p class="has-secondary-color has-text-color">Chaque projet est différent, et fera l&#8217;objet d&#8217;un devis spécifique en fonction de vos besoins et vos attentes</p>
</div>
</div>



<div class="wp-block-column is-style-default is-layout-flow wp-block-column-is-layout-flow">
<p>Pour me contacter par mail ou téléphone:</p>



<ul class="wp-block-social-links has-large-icon-size is-content-justification-center is-layout-flex wp-container-core-social-links-is-layout-a89b3969 wp-block-social-links-is-layout-flex"><li class="wp-social-link wp-social-link-mail  wp-block-social-link"><a href="mailto:&#110;&#105;c&#111;la&#115;&#046;&#112;&#104;&#111;&#116;o&#115;&#064;&#112;e&#098;a&#121;l&#101;.&#102;&#114;" class="wp-block-social-link-anchor"><svg width="24" height="24" viewBox="0 0 24 24" version="1.1" xmlns="http://www.w3.org/2000/svg" aria-hidden="true" focusable="false"><path d="M19,5H5c-1.1,0-2,.9-2,2v10c0,1.1.9,2,2,2h14c1.1,0,2-.9,2-2V7c0-1.1-.9-2-2-2zm.5,12c0,.3-.2.5-.5.5H5c-.3,0-.5-.2-.5-.5V9.8l7.5,5.6,7.5-5.6V17zm0-9.1L12,13.6,4.5,7.9V7c0-.3.2-.5.5-.5h14c.3,0,.5.2.5.5v.9z"></path></svg><span class="wp-block-social-link-label screen-reader-text">Mail</span></a></li></ul>
</div>
</div>
</div>
</div>

<p>Destinée aux agences immobilières comme au particulier ces prises de vue ont pour but de mettre en avant ces lieux et cela&nbsp;afin de révéler tout leur potentiel auprès des futurs acheteurs ou loueurs La photographie est un média indispensable pour les professionnels de l’immobilier. Des photographies de qualité vont faire toute la différence entre une&hellip; &#8212;</p>
