{"id":394,"date":"2023-02-23T11:01:28","date_gmt":"2023-02-23T11:01:28","guid":{"rendered":"https:\/\/v2.pebayle.fr\/?page_id=394"},"modified":"2024-02-22T14:22:46","modified_gmt":"2024-02-22T14:22:46","slug":"animation-evenementiel","status":"publish","type":"page","link":"https:\/\/www.pebayle.fr\/index.php\/animation-evenementiel\/","title":{"rendered":"Animation \/ Ev\u00e8nementiel"},"content":{"rendered":"\n<div style=\"margin-top:var(--wp--preset--spacing--20);margin-bottom:var(--wp--preset--spacing--20);height:20px\" aria-hidden=\"true\" class=\"wp-block-spacer\"><\/div>\n\n\n\n<div class=\"wp-block-group is-layout-constrained wp-block-group-is-layout-constrained\">\n<div class=\"wp-block-cover\"><span aria-hidden=\"true\" class=\"wp-block-cover__background has-background-dim-10 has-background-dim\"><\/span><img loading=\"lazy\" decoding=\"async\" width=\"1010\" height=\"640\" class=\"wp-block-cover__image-background wp-image-682\" alt=\"\" src=\"https:\/\/www.pebayle.fr\/wp-content\/uploads\/2023\/05\/Anim1.jpg\" data-object-fit=\"cover\" srcset=\"https:\/\/www.pebayle.fr\/wp-content\/uploads\/2023\/05\/Anim1.jpg 1010w, https:\/\/www.pebayle.fr\/wp-content\/uploads\/2023\/05\/Anim1-300x190.jpg 300w, https:\/\/www.pebayle.fr\/wp-content\/uploads\/2023\/05\/Anim1-768x487.jpg 768w\" sizes=\"auto, (max-width: 1010px) 100vw, 1010px\" \/><div class=\"wp-block-cover__inner-container is-layout-flow wp-block-cover-is-layout-flow\">\n<div class=\"wp-block-group is-style-blockette-box-shadow has-foreground-color has-secondary-background-color has-text-color has-background is-vertical is-content-justification-center is-layout-flex wp-container-core-group-is-layout-8d792388 wp-block-group-is-layout-flex\" style=\"border-radius:15px;padding-top:var(--wp--preset--spacing--20);padding-right:var(--wp--preset--spacing--20);padding-bottom:var(--wp--preset--spacing--20);padding-left:var(--wp--preset--spacing--20)\">\n<p class=\"has-text-align-center\">Pour cela, je vous propose une prestation totalement adapt\u00e9e \u00e0 vos besoins:<\/p>\n<\/div>\n\n\n\n<div style=\"height:41px\" aria-hidden=\"true\" class=\"wp-block-spacer\"><\/div>\n\n\n\n<div class=\"wp-block-columns is-layout-flex wp-container-core-columns-is-layout-28f84493 wp-block-columns-is-layout-flex\">\n<div class=\"wp-block-column is-layout-flow wp-block-column-is-layout-flow\">\n<div class=\"wp-block-group is-style-blockette-box-shadow has-secondary-color has-primary-background-color has-text-color has-background is-vertical is-content-justification-left is-layout-flex wp-container-core-group-is-layout-e86e7bca wp-block-group-is-layout-flex\" style=\"border-style:none;border-width:0px;border-radius:15px;padding-top:var(--wp--preset--spacing--30);padding-right:var(--wp--preset--spacing--30);padding-bottom:var(--wp--preset--spacing--30);padding-left:var(--wp--preset--spacing--30)\">\n<p class=\"has-text-align-center has-normal-font-size\"><strong>Dur\u00e9e de la prestation<\/strong><\/p>\n\n\n\n<p class=\"has-text-align-center\" style=\"font-size:0.75rem\"><em>de quelques heures \u00e0 plusieurs jours<\/em><\/p>\n<\/div>\n<\/div>\n\n\n\n<div class=\"wp-block-column is-layout-flow wp-block-column-is-layout-flow\">\n<div class=\"wp-block-group is-style-blockette-box-shadow has-secondary-background-color has-background is-vertical is-layout-flex wp-container-core-group-is-layout-fe9cc265 wp-block-group-is-layout-flex\" style=\"border-radius:15px\">\n<p class=\"has-text-align-center has-foreground-color has-text-color has-normal-font-size\"><strong>Volume de prise de vues<\/strong><\/p>\n\n\n\n<p class=\"has-text-align-center has-foreground-color has-text-color\" style=\"font-size:0.75rem\">10 ? 50 ? 100? 200? ou photos \u00e0 l&#8217;heure?<\/p>\n<\/div>\n<\/div>\n\n\n\n<div class=\"wp-block-column is-layout-flow wp-block-column-is-layout-flow\">\n<div class=\"wp-block-group is-style-blockette-box-shadow has-secondary-color has-primary-background-color has-text-color has-background is-vertical is-layout-flex wp-container-core-group-is-layout-2aed03d6 wp-block-group-is-layout-flex\" style=\"border-style:none;border-width:0px;border-radius:15px;padding-top:var(--wp--preset--spacing--30);padding-right:var(--wp--preset--spacing--30);padding-bottom:var(--wp--preset--spacing--30);padding-left:var(--wp--preset--spacing--30)\">\n<p class=\"has-text-align-center has-normal-font-size\"><strong>Taille du studio mobile<\/strong><\/p>\n\n\n\n<p class=\"has-text-align-center\" style=\"font-size:0.75rem\">3x3m? 5x4m? plus? moins?<\/p>\n<\/div>\n<\/div>\n\n\n\n<div class=\"wp-block-column is-layout-flow wp-block-column-is-layout-flow\">\n<div class=\"wp-block-group is-style-blockette-box-shadow has-secondary-background-color has-background is-vertical is-layout-flex wp-container-core-group-is-layout-2aed03d6 wp-block-group-is-layout-flex\" style=\"border-radius:15px;padding-top:var(--wp--preset--spacing--30);padding-right:var(--wp--preset--spacing--30);padding-bottom:var(--wp--preset--spacing--30);padding-left:var(--wp--preset--spacing--30)\">\n<p class=\"has-text-align-center has-foreground-color has-text-color has-normal-font-size\"><strong>Diffusion<\/strong><\/p>\n\n\n\n<p class=\"has-text-align-center has-foreground-color has-text-color\" style=\"font-size:0.75rem\">Num\u00e9rique? Papier? <\/p>\n\n\n\n<p class=\"has-text-align-center has-foreground-color has-text-color\" style=\"font-size:0.75rem\">Tirage imm\u00e9diat 10&#215;15, 15&#215;23 ? Galerie  priv\u00e9e? Envoi par mail?<\/p>\n<\/div>\n<\/div>\n<\/div>\n<\/div><\/div>\n<\/div>\n\n\n\n<div class=\"wp-block-group has-vertical-primary-secondary-gradient-background has-background is-layout-constrained wp-container-core-group-is-layout-46b365e2 wp-block-group-is-layout-constrained\" style=\"border-style:none;border-width:0px;padding-top:0;padding-right:0;padding-bottom:0;padding-left:0;font-size:1px\">\n<div style=\"margin-top:var(--wp--preset--spacing--20);margin-bottom:var(--wp--preset--spacing--20);height:12px\" aria-hidden=\"true\" class=\"wp-block-spacer\"><\/div>\n<\/div>\n\n\n\n<ul class=\"wp-block-list\">\n<li><strong><a href=\"http:\/\/pebayle.fr\/photocall\/\">Photocall \/ Photobooth<\/a><\/strong><\/li>\n<\/ul>\n\n\n\n<p>Dans le cadre de votre \u00e9v\u00e9nement, un studio photo&nbsp;sera mis en place. Ce dernier compos\u00e9 d\u2019un \u00e9clairage professionnel et d\u2019un fond personnalisable \u00e0 l\u2019image de votre manifestation, permettra &nbsp;\u00e0 vos invit\u00e9s de venir prendre la pose de mani\u00e8re s\u00e9rieuse ou pas.<\/p>\n\n\n\n<div style=\"margin-top:var(--wp--preset--spacing--20);margin-bottom:var(--wp--preset--spacing--20);height:20px\" aria-hidden=\"true\" class=\"wp-block-spacer\"><\/div>\n\n\n\n<p class=\"has-text-align-center\">Les \u00e9quipements utilis\u00e9s sur les diff\u00e9rentes animations sont&nbsp;:<\/p>\n\n\n\n<div class=\"wp-block-columns alignwide is-layout-flex wp-container-core-columns-is-layout-28f84493 wp-block-columns-is-layout-flex\">\n<div class=\"wp-block-column is-vertically-aligned-center is-layout-flow wp-block-column-is-layout-flow\" style=\"flex-basis:100%\">\n<p class=\"has-text-align-center\">Eclairage&nbsp;:&nbsp;&nbsp;Eclairage studio Integra Plus 500Ws avec 1x Octabox 90cm et 1x Softbox 60\u00d7120 cm<\/p>\n\n\n\n<p class=\"has-text-align-center\">Prise de vue&nbsp;:&nbsp;Canon EOS 5D Mark IV \u00e9quip\u00e9 d\u2019un objectif CANON 24-70 mm F2.8 L USM et de d\u00e9clencheurs radio pour l\u2019\u00e9clairage.<\/p>\n\n\n\n<p class=\"has-text-align-center\">Traitement : Adobe Lightroom  \/ Photoshop&#8230;<\/p>\n\n\n\n<p class=\"has-text-align-center\">Visualisation pour le public sur \u00e9cran 32 pouces ou selon les \u00e9quipement \u00e0 disposition sur site<\/p>\n\n\n\n<p class=\"has-text-align-center\">Diffusion: Impression&nbsp;directe  ou distribution de tickets pour t\u00e9l\u00e9chargement sur galerie priv\u00e9e<\/p>\n<\/div>\n<\/div>\n\n\n\n<figure class=\"wp-block-image aligncenter size-large has-custom-border\"><img loading=\"lazy\" decoding=\"async\" width=\"1024\" height=\"461\" src=\"https:\/\/www.pebayle.fr\/wp-content\/uploads\/2023\/05\/Anim2-1024x461.jpg\" alt=\"\" class=\"has-border-color has-foreground-border-color wp-image-685\" srcset=\"https:\/\/www.pebayle.fr\/wp-content\/uploads\/2023\/05\/Anim2-1024x461.jpg 1024w, https:\/\/www.pebayle.fr\/wp-content\/uploads\/2023\/05\/Anim2-300x135.jpg 300w, https:\/\/www.pebayle.fr\/wp-content\/uploads\/2023\/05\/Anim2-768x346.jpg 768w, https:\/\/www.pebayle.fr\/wp-content\/uploads\/2023\/05\/Anim2-1536x691.jpg 1536w, https:\/\/www.pebayle.fr\/wp-content\/uploads\/2023\/05\/Anim2-2048x922.jpg 2048w\" sizes=\"auto, (max-width: 1024px) 100vw, 1024px\" \/><\/figure>\n\n\n\n<figure class=\"wp-block-image size-full has-custom-border\"><img loading=\"lazy\" decoding=\"async\" width=\"1010\" height=\"640\" src=\"https:\/\/www.pebayle.fr\/wp-content\/uploads\/2023\/05\/Anim1.jpg\" alt=\"\" class=\"has-border-color has-foreground-border-color wp-image-682\" srcset=\"https:\/\/www.pebayle.fr\/wp-content\/uploads\/2023\/05\/Anim1.jpg 1010w, https:\/\/www.pebayle.fr\/wp-content\/uploads\/2023\/05\/Anim1-300x190.jpg 300w, https:\/\/www.pebayle.fr\/wp-content\/uploads\/2023\/05\/Anim1-768x487.jpg 768w\" sizes=\"auto, (max-width: 1010px) 100vw, 1010px\" \/><\/figure>\n\n\n\n<div class=\"wp-block-buttons is-content-justification-center is-layout-flex wp-container-core-buttons-is-layout-a89b3969 wp-block-buttons-is-layout-flex\">\n<div class=\"wp-block-button has-custom-width wp-block-button__width-25 is-style-fill\"><a class=\"wp-block-button__link wp-element-button\" href=\"https:\/\/pebaylefr.s3.eu-west-1.amazonaws.com\/NPP-Anim%26Event.pdf\" target=\"_blank\" rel=\"noreferrer noopener\">Encore plus d&#8217;info?                              La brochure est l\u00e0.<\/a><\/div>\n<\/div>\n\n\n\n<div class=\"wp-block-group has-vertical-primary-secondary-gradient-background has-background is-layout-flow wp-block-group-is-layout-flow\" style=\"font-size:1px\">\n<div style=\"margin-top:0;margin-bottom:0;height:12px\" aria-hidden=\"true\" class=\"wp-block-spacer\"><\/div>\n<\/div>\n\n\n\n<p>NON! La borne photo n&#8217;est pas une animation, c&#8217;est un outil. Lorsque vous voulez une animation sur le th\u00e8me de la magie, vous n&#8217;allez pas louer un chapeau haut de forme et un lapin et les poser dans un coin?<\/p>\n\n\n\n<div class=\"wp-block-columns is-style-default has-vertical-primary-secondary-gradient-background has-background is-layout-flex wp-container-core-columns-is-layout-28f84493 wp-block-columns-is-layout-flex\" style=\"border-radius:15px\">\n<div class=\"wp-block-column has-background-background-color has-background is-layout-flow wp-block-column-is-layout-flow\" style=\"padding-top:var(--wp--preset--spacing--30);padding-right:var(--wp--preset--spacing--30);padding-bottom:var(--wp--preset--spacing--30);padding-left:var(--wp--preset--spacing--30)\">\n<div class=\"wp-block-media-text alignwide is-stacked-on-mobile\" style=\"grid-template-columns:51% auto\"><figure class=\"wp-block-media-text__media\"><img loading=\"lazy\" decoding=\"async\" width=\"150\" height=\"53\" src=\"https:\/\/www.pebayle.fr\/wp-content\/uploads\/2023\/02\/non2.png\" alt=\"\" class=\"wp-image-396 size-full\"\/><\/figure><div class=\"wp-block-media-text__content\"><p class=\"fonts-plugin-block \" style=\"font-family: Epilogue;font-size: 17px;line-height: 1.6;color: #ab9b79\"><em>&#8221;\u2026.Offrez un souvenir <\/em><strong>original et convivial <\/strong><em>\u00e0 vos invit\u00e9s gr\u00e2ce \u00e0 l\u2019animation photo.\u00a0<\/em><strong>La borne photo<\/strong><em> est une animation cr\u00e9ative, propice aux moments de partage et qui ne laissera personne indiff\u00e9rent\u2026&#8221;<\/em><\/p>\n\n<p class=\"fonts-plugin-block \" style=\"font-family: Dancing Script;font-size: 25px;text-align: right;color: #ab9b79\"><strong><em>Le Loueur de Borne<\/em><\/strong><\/p><\/div><\/div>\n<\/div>\n<\/div>\n\n\n\n<div class=\"wp-block-group has-vertical-primary-secondary-gradient-background has-background is-layout-flow wp-block-group-is-layout-flow\" style=\"font-size:1px\">\n<div style=\"margin-top:0;margin-bottom:0;height:12px\" aria-hidden=\"true\" class=\"wp-block-spacer\"><\/div>\n<\/div>\n\n\n\n<div class=\"wp-block-group alignwide is-layout-flow wp-block-group-is-layout-flow\" style=\"padding-top:0px;padding-right:0px;padding-bottom:0px;padding-left:0px\">\n<h2 class=\"wp-block-heading has-medium-font-size\"><mark style=\"background-color:rgba(0, 0, 0, 0)\" class=\"has-inline-color has-primary-color\">\u2192 <\/mark>Infos \/ Tarifs <\/h2>\n\n\n\n<div class=\"wp-block-group is-layout-constrained wp-block-group-is-layout-constrained\">\n<div class=\"wp-block-columns has-vertical-background-secondary-gradient-background has-background is-layout-flex wp-container-core-columns-is-layout-244aab75 wp-block-columns-is-layout-flex\" style=\"padding-top:var(--wp--preset--spacing--40);padding-right:var(--wp--preset--spacing--40);padding-bottom:var(--wp--preset--spacing--40);padding-left:var(--wp--preset--spacing--40)\">\n<div class=\"wp-block-column is-layout-flow wp-block-column-is-layout-flow\">\n<div class=\"wp-block-group has-primary-background-color has-background is-vertical is-layout-flex wp-container-core-group-is-layout-fe9cc265 wp-block-group-is-layout-flex\" style=\"border-radius:25px\">\n<p class=\"has-secondary-color has-text-color\">Chaque projet est diff\u00e9rent, et fera l&#8217;objet d&#8217;un devis sp\u00e9cifique en fonction de vos besoins et vos attentes<\/p>\n<\/div>\n<\/div>\n\n\n\n<div class=\"wp-block-column is-style-default is-layout-flow wp-block-column-is-layout-flow\">\n<p>Pour me contacter par mail ou t\u00e9l\u00e9phone:<\/p>\n\n\n\n<ul class=\"wp-block-social-links has-large-icon-size is-content-justification-center is-layout-flex wp-container-core-social-links-is-layout-a89b3969 wp-block-social-links-is-layout-flex\"><li class=\"wp-social-link wp-social-link-mail  wp-block-social-link\"><a href=\"mailto:nic&#111;l&#097;&#115;&#046;&#112;&#104;&#111;t&#111;s&#064;&#112;&#101;bay&#108;e.f&#114;\" class=\"wp-block-social-link-anchor\"><svg width=\"24\" height=\"24\" viewBox=\"0 0 24 24\" version=\"1.1\" xmlns=\"http:\/\/www.w3.org\/2000\/svg\" aria-hidden=\"true\" focusable=\"false\"><path d=\"M19,5H5c-1.1,0-2,.9-2,2v10c0,1.1.9,2,2,2h14c1.1,0,2-.9,2-2V7c0-1.1-.9-2-2-2zm.5,12c0,.3-.2.5-.5.5H5c-.3,0-.5-.2-.5-.5V9.8l7.5,5.6,7.5-5.6V17zm0-9.1L12,13.6,4.5,7.9V7c0-.3.2-.5.5-.5h14c.3,0,.5.2.5.5v.9z\"><\/path><\/svg><span class=\"wp-block-social-link-label screen-reader-text\">Mail<\/span><\/a><\/li><\/ul>\n<\/div>\n<\/div>\n<\/div>\n<\/div>\n","protected":false},"excerpt":{"rendered":"<p>Dans le cadre de votre \u00e9v\u00e9nement, un studio photo&nbsp;sera mis en place. Ce dernier compos\u00e9 d\u2019un \u00e9clairage professionnel et d\u2019un fond personnalisable \u00e0 l\u2019image de votre manifestation, permettra &nbsp;\u00e0 vos invit\u00e9s de venir prendre la pose de mani\u00e8re s\u00e9rieuse ou pas. Les \u00e9quipements utilis\u00e9s sur les diff\u00e9rentes animations sont&nbsp;: Eclairage&nbsp;:&nbsp;&nbsp;Eclairage studio Integra Plus 500Ws avec&hellip; &#8212;<\/p>\n","protected":false},"author":1,"featured_media":0,"parent":0,"menu_order":0,"comment_status":"closed","ping_status":"closed","template":"wp-custom-template-page-np","meta":{"footnotes":""},"class_list":["post-394","page","type-page","status-publish","hentry"],"_links":{"self":[{"href":"https:\/\/www.pebayle.fr\/index.php\/wp-json\/wp\/v2\/pages\/394","targetHints":{"allow":["GET"]}}],"collection":[{"href":"https:\/\/www.pebayle.fr\/index.php\/wp-json\/wp\/v2\/pages"}],"about":[{"href":"https:\/\/www.pebayle.fr\/index.php\/wp-json\/wp\/v2\/types\/page"}],"author":[{"embeddable":true,"href":"https:\/\/www.pebayle.fr\/index.php\/wp-json\/wp\/v2\/users\/1"}],"replies":[{"embeddable":true,"href":"https:\/\/www.pebayle.fr\/index.php\/wp-json\/wp\/v2\/comments?post=394"}],"version-history":[{"count":51,"href":"https:\/\/www.pebayle.fr\/index.php\/wp-json\/wp\/v2\/pages\/394\/revisions"}],"predecessor-version":[{"id":1033,"href":"https:\/\/www.pebayle.fr\/index.php\/wp-json\/wp\/v2\/pages\/394\/revisions\/1033"}],"wp:attachment":[{"href":"https:\/\/www.pebayle.fr\/index.php\/wp-json\/wp\/v2\/media?parent=394"}],"curies":[{"name":"wp","href":"https:\/\/api.w.org\/{rel}","templated":true}]}}