{"id":467,"date":"2023-05-02T06:49:27","date_gmt":"2023-05-02T06:49:27","guid":{"rendered":"https:\/\/v2.pebayle.fr\/?page_id=467"},"modified":"2023-05-10T12:55:20","modified_gmt":"2023-05-10T12:55:20","slug":"cosplay","status":"publish","type":"page","link":"https:\/\/www.pebayle.fr\/index.php\/cosplay\/","title":{"rendered":"Cosplay"},"content":{"rendered":"\n<p style=\"text-decoration:underline\"><em>Pratique consistant \u00e0 incarner un personnage de manga, de film d&#8217;animation, de jeu vid\u00e9o&#8230;<\/em><\/p>\n\n\n\n<p>Section particuli\u00e8re de cette activit\u00e9, si tu es ici c&#8217;est qu&#8217;il y a une chance que la suite t&#8217;int\u00e9resse et que tu sois toi m\u00eame cosplayeur.<\/p>\n\n\n\n<p>Je propose des sessions photos d\u00e9di\u00e9es pour une ou plusieurs personnes, bien entendu ce shooting doit \u00eatre minutieusement pr\u00e9par\u00e9 (lieu, \u00e9clairage, costume, mise en sc\u00e8ne&#8230;)<\/p>\n\n\n\n<p>Pour cela, contacte moi par mail pour en discuter, en fonction de l&#8217;ensemble des demandes j&#8217;\u00e9tablirai un tarif au plus juste.<\/p>\n\n\n\n<p>Place \u00e0 quelques photos:<\/p>\n\n\n\n<figure class=\"wp-block-image aligncenter size-large has-custom-border\"><img loading=\"lazy\" decoding=\"async\" width=\"1024\" height=\"682\" src=\"https:\/\/www.pebayle.fr\/wp-content\/uploads\/2023\/05\/cosplay1-1024x682.jpg\" alt=\"\" class=\"has-border-color has-foreground-border-color wp-image-746\" srcset=\"https:\/\/www.pebayle.fr\/wp-content\/uploads\/2023\/05\/cosplay1-1024x682.jpg 1024w, https:\/\/www.pebayle.fr\/wp-content\/uploads\/2023\/05\/cosplay1-300x200.jpg 300w, https:\/\/www.pebayle.fr\/wp-content\/uploads\/2023\/05\/cosplay1-768x511.jpg 768w, https:\/\/www.pebayle.fr\/wp-content\/uploads\/2023\/05\/cosplay1.jpg 1341w\" sizes=\"auto, (max-width: 1024px) 100vw, 1024px\" \/><\/figure>\n\n\n\n<p class=\"has-text-align-center\"><strong>Thorin II \u00c9cu-de-Ch\u00eane<\/strong> par zabieru31 (<a href=\"https:\/\/www.instagram.com\/hoboscosplay\/\" target=\"_blank\" rel=\"noreferrer noopener\">Hobos Cosplay<\/a>)<\/p>\n\n\n\n<figure class=\"wp-block-image aligncenter size-large has-custom-border\"><img loading=\"lazy\" decoding=\"async\" width=\"562\" height=\"842\" src=\"https:\/\/www.pebayle.fr\/wp-content\/uploads\/2023\/05\/cosplay2.jpg\" alt=\"\" class=\"has-border-color has-foreground-border-color wp-image-747\" srcset=\"https:\/\/www.pebayle.fr\/wp-content\/uploads\/2023\/05\/cosplay2.jpg 562w, https:\/\/www.pebayle.fr\/wp-content\/uploads\/2023\/05\/cosplay2-200x300.jpg 200w\" sizes=\"auto, (max-width: 562px) 100vw, 562px\" \/><\/figure>\n\n\n\n<p class=\"has-text-align-center\">Barbie Fitness par <a href=\"https:\/\/www.instagram.com\/larmina.costumery\/\" target=\"_blank\" rel=\"noreferrer noopener\">larmina.costumery<\/a>&nbsp;<\/p>\n\n\n\n<p><\/p>\n","protected":false},"excerpt":{"rendered":"<p>Pratique consistant \u00e0 incarner un personnage de manga, de film d&#8217;animation, de jeu vid\u00e9o&#8230; Section particuli\u00e8re de cette activit\u00e9, si tu es ici c&#8217;est qu&#8217;il y a une chance que la suite t&#8217;int\u00e9resse et que tu sois toi m\u00eame cosplayeur. Je propose des sessions photos d\u00e9di\u00e9es pour une ou plusieurs personnes, bien entendu ce shooting&hellip; &#8212;<\/p>\n","protected":false},"author":1,"featured_media":0,"parent":0,"menu_order":0,"comment_status":"closed","ping_status":"closed","template":"wp-custom-template-page-np","meta":{"footnotes":""},"class_list":["post-467","page","type-page","status-publish","hentry"],"_links":{"self":[{"href":"https:\/\/www.pebayle.fr\/index.php\/wp-json\/wp\/v2\/pages\/467","targetHints":{"allow":["GET"]}}],"collection":[{"href":"https:\/\/www.pebayle.fr\/index.php\/wp-json\/wp\/v2\/pages"}],"about":[{"href":"https:\/\/www.pebayle.fr\/index.php\/wp-json\/wp\/v2\/types\/page"}],"author":[{"embeddable":true,"href":"https:\/\/www.pebayle.fr\/index.php\/wp-json\/wp\/v2\/users\/1"}],"replies":[{"embeddable":true,"href":"https:\/\/www.pebayle.fr\/index.php\/wp-json\/wp\/v2\/comments?post=467"}],"version-history":[{"count":5,"href":"https:\/\/www.pebayle.fr\/index.php\/wp-json\/wp\/v2\/pages\/467\/revisions"}],"predecessor-version":[{"id":750,"href":"https:\/\/www.pebayle.fr\/index.php\/wp-json\/wp\/v2\/pages\/467\/revisions\/750"}],"wp:attachment":[{"href":"https:\/\/www.pebayle.fr\/index.php\/wp-json\/wp\/v2\/media?parent=467"}],"curies":[{"name":"wp","href":"https:\/\/api.w.org\/{rel}","templated":true}]}}